3
Let l(b) = 2417*b + 745. List the prime factors of l(8).
43, 467
Let q(l) = -13141*l + 162. List the prime factors of q(-1).
53, 251
Let u(j) = -2*j**3 - 18*j**2 + 3*j + 29. Let b be u(-9). Suppose 106 = m + 3*y - 67, b*y = 2. What are the prime factors of m?
2, 5, 17
Let y = 34307 - 22487. List the prime factors of y.
2, 3, 5, 197
Let o(n) = 2*n - 2*n + 5 + 2*n**3. Let w be (-4)/36 + (-28)/(-9). What are the prime factors of o(w)?
59
Let u(l) = 3*l**2 + 5*l - 4. Let t be u(-6). Let p = 77 - t. Suppose 5*d = 3*q - 0*q - 235, 163 = 2*q + p*d. What are the prime factors of q?
2, 5
Suppose 4*x - 1 - 3 = 0. What are the prime factors of (x - -1)*(1 + (-4624)/(-32))?
3, 97
Let p = 15522 + 609. What are the prime factors of p?
3, 19, 283
What are the prime factors of ((12 + -1)/((-12)/(-444)))/((-1)/(-131))?
11, 37, 131
Let l = 8 - -44. List the prime factors of (l*21/112)/(6/992).
2, 13, 31
Let j(g) = -25*g - 14. Let b be 5/(15/24) + -4. Suppose -z - 17 = b*q - 2*z, -4*z = 12. What are the prime factors of j(q)?
3, 37
Let s(b) = -61*b + 822. What are the prime factors of s(-84)?
2, 3, 991
Let l be 796/24 - (17/(-6) - -3). Let u = l + -15. Let q = 21 - u. What are the prime factors of q?
3
Let g(s) = 23*s + 26. Let v(m) = -22*m - 27. Let i = -53 + 49. Let t(d) = i*v(d) - 5*g(d). List the prime factors of t(-8).
2, 97
Let y(w) = 27*w - 13 + 10 + 7. Let u be y(-6). Let i = -93 - u. List the prime factors of i.
5, 13
Suppose 5*i = -4*o + 1031, i + 3*i - 832 = 4*o. Let j = 445 - i. List the prime factors of j.
2, 7, 17
Let u(c) = -c**3 - 14*c**2 - 26*c - 10. Let w be u(-11). Let z = -87 + w. Let x = z - -307. What are the prime factors of x?
7, 19
Let p(o) = 5*o**2 + 8*o - 31. Let j(g) = -5*g**2 - 10*g + 30. Let y(x) = 6*j(x) + 7*p(x). List the prime factors of y(-6).
167
Suppose 2*p + 63002 = 5*q, -11*p = 17 + 49. What are the prime factors of q?
2, 6299
Suppose o - 15 + 4 = 0. Let k be 475/o - (-2)/(-11). Let x = k - -24. What are the prime factors of x?
67
Let d(b) = -b**2 + 8*b - 4. Let m be d(4). Let p be 6*1/((-8)/m). Let i(k) = -21*k - 15. List the prime factors of i(p).
2, 3, 29
Suppose 0 = 214*y - 346*y + 3125892. What are the prime factors of y?
7, 17, 199
Let i(l) = -l**3 - 38*l**2 - 52*l + 33. List the prime factors of i(-39).
2, 3, 199
Suppose 1 = -6*b + 5*b, 5*b = -5*n + 5300. Let t = n + -644. List the prime factors of t.
3, 139
Let n(q) = 2*q**2 + 37*q + 23. Let s be n(-18). Suppose p + s*x = 853, -5*x - 4415 = -3*p - 2*p. List the prime factors of p.
2, 439
Let m = -121 + 111. List the prime factors of 4680/50 - 4/m.
2, 47
Let m = 6019 + -1583. List the prime factors of m.
2, 1109
Suppose 42*x = -7*x + 833. Let u(o) = -10 + 43 + 7*o**2 + 17*o - 8*o**2. List the prime factors of u(x).
3, 11
Let j(y) = -y**3 - 2*y**2 + 116. Let n = -71 - -74. Suppose -n*h + 2*i + 10 = -0*i, -3*h = -4*i - 20. List the prime factors of j(h).
2, 29
Suppose 5*l + 5 = 0, 4*l + 9957 = 3*a - 137074. What are the prime factors of a?
49009
Let y = 239 - 240. List the prime factors of 30/6 - 9 - (y + -99).
2, 3
Suppose -3*k - 3 = -t, 0 = 4*k + 3*t + 1 + 3. List the prime factors of (-1 - 1) + 1598 + (-1 - k).
2, 3, 7, 19
Suppose 0 = -4*z, 4*n - 4*z - 4364 = 2384. Let b = n - 1111. What are the prime factors of b?
2, 3
Let z = 19929 + -10487. List the prime factors of z.
2, 4721
Let g = -68 + 73. Suppose 2*i + 2*h = 3 + 5, 0 = 2*i + g*h - 14. Suppose -n = i*n - 459. What are the prime factors of n?
3, 17
Suppose 6 = -5*u + 21. Suppose u*m = m - 32. Let w = m - -38. What are the prime factors of w?
2, 11
Let p(v) be the first derivative of -v**3/3 - 5*v**2 + 11*v - 1. Let o be p(-10). Suppose o*m = 10*m + 37. What are the prime factors of m?
37
Suppose 17 = -4*l - 27. Suppose -f + 80 = -26. Let s = f + l. What are the prime factors of s?
5, 19
Let c(p) = p**2 + 3*p - 28. Let h be c(7). What are the prime factors of 6/(h/8365) + 1?
2, 13, 23
Let q(t) = -15*t + 56. Let v(b) = -17*b + 57. Let l(d) = -3*q(d) + 4*v(d). What are the prime factors of l(-10)?
2, 5, 29
Let u = 12639 - 8419. List the prime factors of u.
2, 5, 211
Suppose 2*u = 3*u - 5*k - 9581, -4*u + 38324 = k. What are the prime factors of u?
11, 13, 67
Let c = 123 - 111. Let b(g) = -g**3 + 15*g**2 - 8*g. List the prime factors of b(c).
2, 3, 7
Let f(t) = -t**3 + 9*t**2 + 12*t - 1. Let c = -59 + 69. Let k be f(c). Suppose 0 = -2*r - 2*i + 18, -5*i = -4*r + r + k. What are the prime factors of r?
2
Suppose -2 = -s - 3*u, -2*s - 3*u + 4 = -3. Suppose -f - s = -p + 2*f, 5*f = -5. List the prime factors of (-1)/(((8/p)/148)/(-1)).
37
Suppose 0 = -4*b - i + 1571, -2*b - 6*i + 788 = -8*i. What are the prime factors of b?
3, 131
List the prime factors of (-6)/(-12) - (-612248)/16.
2, 19, 53
Suppose 1895 - 7381 = -l. Suppose l = 61*y - 48*y. What are the prime factors of y?
2, 211
Let p(h) = 4681*h**2 + 3*h - 2. What are the prime factors of p(1)?
2, 2341
Let s = -10 + 12. Suppose s*k + 4 = -4*r, -2*r - 9 + 23 = 5*k. Suppose n = -k*c + 610, c - 163 = 2*n + 3*n. What are the prime factors of c?
3, 17
Let q(c) = -2*c**3 - 94*c**2 + 160*c + 127. List the prime factors of q(-49).
31, 61
Suppose -5*h + 4*v = -78769, 2*v - 40791 - 37942 = -5*h. List the prime factors of h.
15749
Suppose -5*z + 16053 = -5*c - 2602, 2*c + 14914 = 4*z. Suppose 16*o - z = 7*o. What are the prime factors of o?
2, 3, 23
Let q(n) = -n**3 - 5*n**2 - 22*n - 155. List the prime factors of q(-13).
1483
What are the prime factors of ((1 - 4) + -1 + 6)/(10/18220)?
2, 911
Let y(u) = 24*u + 13. Let x be y(-6). Let k = -58 - x. Let l = k + -27. What are the prime factors of l?
2, 23
Let y be (-28)/(-12) - (-15)/9. Suppose 37 + 85 = 2*r - 4*u, -y*r - 3*u = -244. List the prime factors of r.
61
Suppose 32706 + 21565 = 7*m. What are the prime factors of m?
7753
Let x = 149 + -147. Suppose 0 = -x*a - 2*l + 1194, 3 + 2 = l. List the prime factors of a.
2, 37
List the prime factors of (-9434 - 15 - 16)/(6/(-4)).
2, 5, 631
Let m(z) be the third derivative of -z**6/120 - 23*z**5/60 - z**4/4 + 13*z**3/6 - z**2 - 421. Let r = -29 - -6. List the prime factors of m(r).
151
Suppose -22*j + 20*j = -6. Suppose 4*b = -5*r + 794, j*b + 4*r - 435 - 160 = 0. What are the prime factors of b?
3, 67
Suppose -55*b = -63*b + 240. List the prime factors of (-6910)/(-6) + 1*10/b.
2, 3
Let m = 354 - 630. Let y = m - -600. List the prime factors of y.
2, 3
Let t = 4855 + -2838. What are the prime factors of t?
2017
Let a(d) = -604*d + 87. List the prime factors of a(-6).
3, 1237
What are the prime factors of (103160/10 - 3) + 14*(-3)/6?
2, 5153
What are the prime factors of ((-4719)/39)/((-5)/215)?
11, 43
Let g = 2719 - -2954. List the prime factors of g.
3, 31, 61
Suppose 0 = -9*r + 3*r + 72. Suppose -r*t = -1110 - 5322. List the prime factors of t.
2, 67
Let k(v) = v**2 - v + 3. Let i be 2/(-5) - 14/(-35). Let m be k(i). Suppose 2*g = m*w - 417, w = 4*g - g + 139. What are the prime factors of w?
139
Suppose 0 = 77*i + 21*i - 4364528. What are the prime factors of i?
2, 19, 293
Suppose 16*k + 20 = 11*k. List the prime factors of -1*(-39)/(-3)*k.
2, 13
Let a(l) = 5*l**2 + 3*l - 2. Let s(d) = 3*d**2 + d - 1. Let c(g) = 4*a(g) - 7*s(g). Let o be c(5). List the prime factors of 10/(-3*o/30).
2, 5
Let p = -81 + 84. Suppose p*i = 4*m - 90, -5*m - 126 + 6 = 4*i. Let u = 156 + i. What are the prime factors of u?
2, 3, 7
Let r(o) be the first derivative of -261*o**4 + 3*o - 9 + 3 + 262*o**4. What are the prime factors of r(3)?
3, 37
Suppose -2*c - l + 40938 = 0, 38*c - 39*c + l + 20466 = 0. List the prime factors of c.
2, 7, 17, 43
List the prime factors of 4/6*(-23)/((-276)/30420).
2, 5, 13
Let j(l) = -5*l + 19. Suppose -5*a + 3*i - 395 = 0, i - 158 = -2*a + 4*a. Let g = a - -71. What are the prime factors of j(g)?
59
Let c(r) = -26*r**3 + 73 + 11*r**3 + 16*r**3 - r**2 + 1 + r. Let v = 59 - 59. What are the prime factors of c(v)?
2, 37
Let u(b) = b**3 - 14*b**2 - 13*b - 7. Let k be u(15). Suppose 28*h - 2970 = k*h. What are the prime factors of h/9*(-2)/(-4)?
3, 11
Suppose -v - 730 - 1965 = 2*a, 3*a + 5*v = -4046. Let q = -784 - a. List the prime factors of q.
563
Let p = -13720 - -23029. List the prime factors of p.
3, 29, 107
Suppose -82*a + 80*a + 3*v + 11551 = 0, 2*v - 2 = 0. 